the greatest common factor of 60819 and 33.
33
What is the greatest common factor of 198 and 14454?
198
Calculate the highest common divisor of 31862 and 11098.
358
What is the greatest common factor of 1397 and 127?
127
Calculate the highest common divisor of 13 and 197938.
13
What is the greatest common factor of 171136 and 2128?
112
What is the greatest common divisor of 4 and 20084?
4
What is the greatest common divisor of 64880 and 360?
40
What is the greatest common divisor of 20760 and 28?
4
What is the greatest common divisor of 1612 and 61373?
13
Calculate the highest common factor of 611 and 2042573.
611
What is the highest common factor of 191538 and 54?
54
Calculate the highest common divisor of 10877 and 1387.
73
Calculate the highest common divisor of 265966 and 1278.
142
Calculate the greatest common divisor of 128419 and 689.
53
Calculate the highest common factor of 90 and 125730.
90
What is the highest common factor of 7880 and 192?
8
What is the highest common divisor of 156 and 135525?
39
Calculate the greatest common factor of 590 and 102660.
590
Calculate the highest common divisor of 3288 and 984.
24
Calculate the highest common divisor of 138 and 218247.
69
What is the highest common divisor of 155293 and 83?
83
What is the highest common divisor of 910135 and 10?
5
What is the greatest common divisor of 400 and 196?
4
What is the highest common divisor of 414640 and 365?
365
What is the greatest common factor of 92511 and 333?
9
What is the highest common divisor of 931708 and 1956?
652
Calculate the greatest common divisor of 150 and 19650.
150
Calculate the greatest common factor of 3008639 and 15967.
2281
Calculate the highest common divisor of 650 and 16562.
26
Calculate the greatest common factor of 24 and 424392.
24
Calculate the highest common divisor of 84779 and 51.
17
What is the highest common factor of 283 and 10?
1
What is the highest common factor of 2550 and 374?
34
What is the highest common factor of 280 and 786380?
140
Calculate the greatest common divisor of 255 and 1629365.
85
What is the highest common divisor of 925 and 6425?
25
What is the highest common factor of 1380 and 336000?
60
Calculate the greatest common divisor of 2226 and 9282.
42
Calculate the greatest common factor of 61388 and 1133.
103
Calculate the highest common divisor of 42658 and 742.
14
Calculate the greatest common divisor of 615 and 20049.
123
What is the highest common divisor of 6363 and 3906?
63
What is the greatest common factor of 5022821 and 19?
19
What is the greatest common factor of 492 and 63837?
123
Calculate the highest common divisor of 117777 and 6.
3
Calculate the greatest common factor of 615 and 1455213.
123
Calculate the highest common factor of 14272 and 1338.
446
Calculate the greatest common divisor of 198 and 411.
3
Calculate the greatest common divisor of 135604 and 2204.
116
What is the greatest common divisor of 400 and 305?
5
What is the highest common divisor of 132 and 53119?
11
Calculate the highest common divisor of 214 and 14.
2
What is the greatest common divisor of 35847 and 315?
63
Calculate the greatest common divisor of 2501 and 19885.
41
What is the highest common factor of 111592 and 2072?
296
Calculate the greatest common factor of 2013 and 4941.
183
What is the highest common divisor of 90 and 2450970?
90
Calculate the greatest common divisor of 20648 and 33640.
232
What is the highest common factor of 16384 and 8448?
256
Calculate the greatest common divisor of 7564 and 7076.
244
Calculate the highest common divisor of 37777 and 148.
37
What is the greatest common factor of 12 and 701412?
12
What is the highest common factor of 9956 and 1572?
524
What is the highest common divisor of 37343 and 2461?
107
What is the highest common divisor of 17193 and 66?
33
Calculate the greatest common factor of 128 and 82304.
128
What is the greatest common divisor of 1981 and 7075?
283
What is the highest common factor of 28512 and 66?
66
Calculate the highest common factor of 14864 and 1520.
16
What is the highest common divisor of 555 and 175?
5
Calculate the highest common factor of 1107709 and 1546.
773
What is the highest common factor of 19110 and 539?
49
What is the highest common factor of 3584 and 42368?
128
Calculate the greatest common divisor of 16 and 63236.
4
What is the greatest common divisor of 119798 and 70?
14
Calculate the greatest common factor of 58731 and 9.
3
Calculate the highest common factor of 2302716 and 348.
348
Calculate the highest common divisor of 95452 and 665.
7
What is the highest common factor of 112607 and 22?
11
What is the highest common factor of 774 and 649386?
774
What is the highest common divisor of 384 and 54?
6
What is the greatest common divisor of 1329521 and 37?
37
Calculate the greatest common divisor of 48 and 17437680.
48
Calculate the greatest common factor of 4252 and 32.
4
What is the greatest common divisor of 5577707 and 23?
23
What is the highest common factor of 211 and 194331?
211
What is the highest common divisor of 92403 and 9?
9
What is the greatest common divisor of 120241 and 6732?
187
What is the highest common divisor of 987 and 441?
21
Calculate the highest common factor of 4664 and 150891.
53
What is the highest common factor of 25 and 33905?
5
What is the greatest common divisor of 46 and 2118254?
46
What is the greatest common divisor of 22 and 3597?
11
What is the greatest common factor of 11786 and 30530?
142
Calculate the highest common factor of 168 and 82796.
28
What is the greatest common factor of 350679 and 147?
21
Calculate the greatest common factor of 5605 and 7965.
295
Calculate the highest common factor of 72032 and 40.
8
What is the highest common factor of 247949 and 13?
13
What is the greatest common divisor of 33 and 322234?
11
What is the highest common factor of 200 and 54225?
25
What is the highest common divisor of 4181 and 4477?
37
What is the greatest common divisor of 348 and 309894?
174
Calculate the highest common factor of 24682 and 20468.
602
What is the greatest common factor of 48 and 756564?
12
What is the highest common factor of 5880 and 1424?
8
What is the greatest common divisor of 72001 and 3204?
89
Calculate the highest common divisor of 608 and 854544.
304
Calculate the greatest common factor of 120042 and 195.
39
What is the greatest common factor of 518 and 908572?
518
Calculate the highest common divisor of 3038 and 156302.
62
What is the highest common factor of 5368839 and 21?
21
What is the greatest common factor of 406 and 643468?
14
What is the greatest common divisor of 14391 and 41535?
117
What is the highest common divisor of 17424 and 68728?
968
What is the highest common divisor of 1572125 and 2250?
125
Calculate the greatest common divisor of 3798 and 12238.
422
What is the highest common divisor of 335061 and 531?
531
What is the highest common divisor of 67950 and 1575?
225
What is the greatest common divisor of 16588 and 161876?
572
Calculate the greatest common factor of 9632 and 448.
224
Calculate the greatest common factor of 132366 and 39.
39
Calculate the greatest common factor of 89271 and 28340.
1417
Calculate the highest common divisor of 70997 and 1.
1
What is the greatest common divisor of 26368 and 2304?
256
What is the highest common divisor of 46768 and 3239?
79
Calculate the highest common factor of 23064 and 229524.
372
Calculate the greatest common divisor of 4661 and 4189.
59
What is the greatest common factor of 9512 and 232?
232
What is the highest common divisor of 13 and 4667?
13
Calculate the greatest common divisor of 932 and 34018.
466
Calculate the highest common divisor of 939 and 828511.
313
Calculate the greatest common factor of 14577 and 2034.
339
Calculate the highest common factor of 792 and 254760.
264
Calculate the greatest common divisor of 52250 and 25.
25
What is the greatest common divisor of 7570 and 160?
10
Calculate the greatest common divisor of 36260 and 592.
148
What is the greatest common divisor of 318292 and 156?
52
What is the greatest common factor of 185 and 212935?
185
Calculate the greatest common divisor of 68855 and 1175.
235
What is the highest common factor of 4873 and 18163?
443
What is the greatest common fac